(-4)/10)/(-2*2/20). Suppose 2*o - 66 = 3*q - 374, -v*q - 3*o + 201 = 0. What are the prime factors of q?
2, 3, 17
Let n(b) = -b + 9. Let a(l) = -2*l + 18. Let s(t) = -3*a(t) + 7*n(t). Let i be s(6). Let g(r) = 2*r**2 + 3*r + 4. List the prime factors of g(i).
31
Suppose -15 = -3*x + 2*u, 2*x - 6 = 3*u + 4. Let m be -8 + x - (-2 + -1). Suppose 5*t + 0 + 20 = 0, -5*c + 2*t + 258 = m. What are the prime factors of c?
2, 5
Let x(y) = y**3 + 4*y**2 - 13*y - 3. Let p be x(-6). Suppose -5*d - 5*m + 30 = 0, 0 = -3*d - 0*m + p*m. What are the prime factors of d?
3
Let p = 72 - 45. Suppose -4*x - 5*w - 15 - 2 = 0, -x + 2*w = -12. Let i = p + x. What are the prime factors of i?
29
Let q be (-5)/(-2)*(-4)/6*-3. Suppose -232 = -3*b - q*b. What are the prime factors of b?
29
Let i be 804/(-4) - 2/(-2). Let v = i + 436. What are the prime factors of v?
2, 59
Suppose -5*d + 4 = -11. Suppose -670 = d*n - 8*n. List the prime factors of n.
2, 67
Let c = -895 + 1557. List the prime factors of c.
2, 331
Suppose 16*f - 14*f + 1302 = 2*d, -d - 4*f = -626. List the prime factors of d.
2, 17, 19
Let p = -73 - -74. List the prime factors of (-1045)/(-11)*(p*-1)/(-1).
5, 19
Let u(m) = -14*m - 33. Let o be u(-13). Let x = -101 + o. What are the prime factors of x?
2, 3
Let c be (-68)/18 - (-6)/(-27). Let s be ((-40)/35)/(c/14). Suppose s*k = -0*k + 196. List the prime factors of k.
7
Suppose -250 = 14*o - 12*o. Let q = o - -209. What are the prime factors of q?
2, 3, 7
Let q(i) = i**2 - 2*i - 4. Let m be q(5). Suppose m*c + 150 = 12*c. List the prime factors of c.
2, 3, 5
Suppose -16*z = -9*z - 7. List the prime factors of z/(-4) + 5769/36.
2, 5
Let z(x) = -56*x + 15. Let s(p) = -28*p + 7. Let o = -22 + 25. Let i(f) = o*z(f) - 7*s(f). List the prime factors of i(1).
2, 3
List the prime factors of (8010 + 25)/(5/2).
2, 1607
Suppose -8*g + 0*g - 464 = 0. Let p = g - -102. What are the prime factors of p?
2, 11
Let y be 2110/18 + (-262)/1179. Let v = 232 - 57. Let f = v - y. List the prime factors of f.
2, 29
Let b = -40 - -41. List the prime factors of ((-6)/(-18))/(b/207).
3, 23
Let f(s) be the second derivative of s**5/20 - 5*s**4/12 - s**3/6 + s**2 - 7*s. Let g be f(6). What are the prime factors of (g/24)/((-2)/(-48))?
2
Suppose -3*q = 5*t + 72, 4*q - 5*t + 83 = -48. Let n = -49 - q. What are the prime factors of (0 - -14)/(n/(-30))?
3, 7
Suppose h - 133 = 3*v - 4*v, -685 = -5*v + 5*h. What are the prime factors of v?
3, 5
Let m = 1 - 12. Let a be 2/(-6)*66/m. Suppose -c - a*c - 2*o = -20, o - 1 = 0. List the prime factors of c.
2, 3
Let b = -2 - -6. Suppose -6 = 4*p - r - r, p - 12 = -b*r. What are the prime factors of p + (80 + -2 - 3)?
3, 5
Suppose 3*g = 6, v - 64 = 5*g - 21. Suppose 0 = 55*m - v*m - 30. List the prime factors of m.
3, 5
Let u(q) be the first derivative of q**4/4 + 2*q**3/3 - q**2 + q - 7. Let d be u(1). Suppose 3*w - 16 = 4*m + 26, -d*m + 60 = 3*w. List the prime factors of w.
2, 3
Let a(w) = 15*w**2 - 23*w + 188. What are the prime factors of a(13)?
2, 3, 101
Let p = -48 - -51. Suppose p*k - 2*l = -0 + 335, -4*k - 2*l + 456 = 0. What are the prime factors of k?
113
Suppose -5*s + 3*r + 10806 = 0, 5*s - 2*s = -3*r + 6498. List the prime factors of s.
3, 7, 103
Suppose -7*w + 5*o - 1788 = -8*w, -9032 = -5*w - 2*o. List the prime factors of w.
2, 113
Suppose 0 = -7*i + 6*i + 379. List the prime factors of i.
379
Suppose -3*w + 4*x + 3110 = 0, -11*x + 7*x - 1042 = -w. What are the prime factors of w?
2, 11, 47
Let n(a) = -4*a + 110. Let o = 84 - 84. What are the prime factors of n(o)?
2, 5, 11
Let g be (-1)/(-3)*(-1 + 100). Let y(h) = 32 + 3*h**2 + 15*h**2 - g. List the prime factors of y(1).
17
Suppose -2*a + 29 = -4*z + 3*a, -2*z + a - 7 = 0. List the prime factors of ((-14 + 4)/z)/((-2)/(-12)).
2, 3, 5
Let x = -375 + 171. List the prime factors of x/(-9)*((-12)/8)/(-1).
2, 17
Suppose -m - 1 = -5*q - 43, -3*m - 18 = q. List the prime factors of (297/q)/((-4)/((-48)/(-9))).
2, 11
Let q(p) = p + 3. Let m be q(2). Suppose -4*t + 96 = 2*y, 0*t = 2*y - m*t - 69. List the prime factors of y.
2, 3, 7
Let c be ((-28)/6)/((-4)/6). Let r be ((-4)/(-44))/((-1)/(-11)). Suppose -74 = -c*b + 4*b - u, -u - r = 0. What are the prime factors of b?
5
Suppose -4*v = -8*v. Suppose v = -7*b + 5*b + 8. List the prime factors of b.
2
Suppose 3*w - 1 = 2. Let b(r) = 8*r - 14*r + 32*r - 4*r. What are the prime factors of b(w)?
2, 11
Let p = -6 + 8. Suppose p*v - 3*i = 93, -4 = 4*i - 0. Suppose 5*s - 7 = -2*l - 2, -v = -3*l + 5*s. What are the prime factors of l?
2, 5
Let s be 1/(-3)*96/(-4). Let x(k) = -k**3 + 8*k**2 + 8*k - 1. What are the prime factors of x(s)?
3, 7
Let m be -2 + 2 + 1 + -4. Let d = -379 + 407. Let p = d - m. What are the prime factors of p?
31
Let d(v) = -7*v + 246. What are the prime factors of d(21)?
3, 11
Let r(x) = -x - 3. Let y be r(-3). Let g = 2 + y. What are the prime factors of (54/45)/(g/5)?
3
Suppose -5*d + 16 = -4. List the prime factors of d - (43 + 1)/(-2).
2, 13
Let j be 12*(-486)/20*(-20)/24. List the prime factors of j/15 + (-3)/15.
2
Suppose -15 = 2*d + 3*d. What are the prime factors of (-4 + (-93)/(-2))*(-1 - d)?
5, 17
Suppose -4*z + 5*h = 0, 2*z - z + 2*h = 0. Suppose 4*k - 4*j - 84 = z, -4*j - 33 = -3*k + 29. List the prime factors of k.
2, 11
Suppose -24*z = -39*z + 6915. List the prime factors of z.
461
Suppose 9 = -v + 4*v. Suppose -v*y + 48 + 30 = 0. What are the prime factors of y?
2, 13
Let q(a) = a - 22. Let g be q(12). Let s = g - -32. List the prime factors of s.
2, 11
Let x = -129 + 132. Suppose x*m - 389 = -y, 4*m - 2*m - 258 = -y. What are the prime factors of m?
131
Let m(y) = 6*y**3 - 6*y**2 - y - 4. What are the prime factors of m(3)?
101
Suppose -19335 = -42*k - 4299. What are the prime factors of k?
2, 179
Let d(f) = f**3 + f**2 - 12*f + 8. Let z be d(-4). Suppose -2*b + z*b - 492 = 0. List the prime factors of b.
2, 41
Let g be 1 - (-3 + -4 + 3). What are the prime factors of (53 + 0/g)*2?
2, 53
Let z(s) = -7*s + 51. Let t be z(7). Suppose -249 = -4*i - 3*y, 123 = 4*i - t*i + 3*y. What are the prime factors of i?
3, 7
Let l be -2*(-1)/1 + (-191)/(-1). Let a = 384 - l. List the prime factors of a.
191
Suppose 4 = j + 3. What are the prime factors of 289/1 + 4*j/(-1)?
3, 5, 19
Let h be 1/(((-7)/105)/((-4)/10)). Let f be (0 + -10)/(-3 + 4). Let a = h - f. What are the prime factors of a?
2
Let o(t) = -2*t - 7. Let d be o(-4). Let w = 11 - d. List the prime factors of w.
2, 5
Suppose -h - 3*f + 3 = 0, -2*f - 4 = -3*h + 5. Suppose -4*a = -h*a - 61. What are the prime factors of a?
61
List the prime factors of (-148)/111 + 9122/6.
7, 31
Let t be 0 + 4/(-2) - 10. Let s = -6 - t. List the prime factors of s.
2, 3
Let p(z) be the second derivative of z**4/12 + 5*z**3/6 - z**2/2 + z. Suppose -17*o - 147 + 11 = 0. What are the prime factors of p(o)?
23
Let t(p) be the second derivative of 0 + 9*p + 1/6*p**3 + p**2 + p**4. List the prime factors of t(-1).
13
Let z(i) = -i**2 - 19*i - 30. Let f be z(-17). Suppose 0 = -c + f*q + 60, 2*c - 207 = -2*c + 5*q. What are the prime factors of c?
2, 3
Suppose 0 = 4*d - 6*d + 528. Let m = d + -188. List the prime factors of m.
2, 19
Let x be -3 + (-26)/(-8) - 75/12. Let c(i) = 3*i**2 - 6*i + 12. List the prime factors of c(x).
2, 3, 13
Suppose 9 = 2*q + 1. Let p = -63 - -111. Suppose -p = -7*o + q*o. What are the prime factors of o?
2
Let k be -11 + -4 + (-8)/(-4). Let m be -1 - (k - (0 - 3)). What are the prime factors of 1/(((-12)/m)/(-4))?
3
Let b(o) = o + 13. Let u be b(-12). Let s be (-9 - -11) + (u - 1). Suppose s*k = 2 + 10. List the prime factors of k.
2, 3
Suppose 5*i - 775 = -2*r - 3*r, -4*i = r - 152. What are the prime factors of r?
2, 3, 13
Let r be ((-13)/(-2))/(1/(-2)). Let x be 21/27 - (-6)/27. List the prime factors of 12 + r - (-44)/x.
43
List the prime factors of (1261 + -5 - -7)*(-2)/(-6).
421
Suppose 0 = 4*q - 4, -3*y + 9*q = 8*q - 2159. What are the prime factors of y?
2, 3, 5
Suppose 4*z + 2309 = s, 4*s - 6856 - 2362 = -2*z. List the prime factors of s.
5, 461
Suppose -5*v + 149 = 24. Suppose -15 = -2*z - 3*z. Suppose -z*s = -i - v, -5*s = 5*i - 0*i - 75. What are the prime factors of s?
2, 5
Let p(j) = j**3 + 25*j**2 + 26*j + 50. Let o be p(-24). Suppose -6*c